{"id":7183,"date":"2018-03-20T17:33:05","date_gmt":"2018-03-20T20:33:05","guid":{"rendered":"http:\/\/ead.ufsc.br\/?page_id=7183"},"modified":"2018-03-20T17:33:05","modified_gmt":"2018-03-20T20:33:05","slug":"formularios-2","status":"publish","type":"page","link":"https:\/\/nute.ufsc.br\/uab\/formularios-2\/","title":{"rendered":"Formul\u00e1rios"},"content":{"rendered":"<p><span style=\"color: #ff0000\"><strong>AVISO!<\/strong><\/span> Caso o navegador n\u00e3o abra o documento, clique com o bot\u00e3o direito do mouse em cima do link desejado e selecione: &#8220;Abrir link em uma nova janela&#8221;. Se mesmo assim o navegador n\u00e3o permitir o download, aperte a tecla &#8220;F5&#8221; na janela que foi aberta.<\/p>\n<p><a href=\"http:\/\/nute.ufsc.br\/uab\/wp-content\/uploads\/2018\/03\/AUTORIZACAO-PROGRAMA-DE-POS.docx\">Autoriza\u00e7\u00e3o para Bolsista de P\u00f3s-gradua\u00e7\u00e3o atuar como Tutor da UAB &#8211;\u00a0<strong> <\/strong><\/a><strong><a href=\"http:\/\/nute.ufsc.br\/uab\/wp-content\/uploads\/2018\/03\/AUTORIZACAO-PROGRAMA-DE-POS.docx\">Coordenador de P\u00f3s-gradua\u00e7\u00e3o<\/a><\/strong><\/p>\n<p><a href=\"http:\/\/nute.ufsc.br\/uab\/wp-content\/uploads\/2018\/03\/Boletim-de-Frequencia-Bolsistas.docx\"><span style=\"color: #3366ff\">Boletim de Frequ\u00eancia\u00a0&#8211;<strong> Estagi\u00e1rios<\/strong><\/span><\/a><\/p>\n<p><span style=\"color: #3366ff\"><a href=\"http:\/\/nute.ufsc.br\/uab\/wp-content\/uploads\/2018\/03\/Declaracao-de-Autenticidade.pdf\">Declara\u00e7\u00e3o de Autenticidade &#8211; <strong>Formandos<\/strong><\/a><br \/>\n<\/span><\/p>\n<p><a href=\"http:\/\/nute.ufsc.br\/uab\/wp-content\/uploads\/2018\/03\/ANEXO-IV.docx\">Declara\u00e7\u00e3o de Disponibilidade de Carga Hor\u00e1ria &#8211; <strong>Servidor Bolsista<\/strong><\/a><\/p>\n<p><span style=\"color: #3366ff\"><a href=\"http:\/\/nute.ufsc.br\/uab\/wp-content\/uploads\/2018\/03\/DECLARACAO-ACUMULO.doc\">Declara\u00e7\u00e3o de N\u00e3o Ac\u00famulo de Bolsa &#8211; <\/a><strong><a href=\"http:\/\/nute.ufsc.br\/uab\/wp-content\/uploads\/2018\/03\/DECLARACAO-ACUMULO.doc\"><strong>Bolsistas CAPES<\/strong><\/a><br \/>\n<\/strong><\/span><\/p>\n<p><a href=\"http:\/\/nute.ufsc.br\/uab\/wp-content\/uploads\/2018\/03\/Declaracao-Parentesco.docx\">Declara\u00e7\u00e3o de Parentesco com Servidor da UFSC<\/a><\/p>\n<p><a href=\"http:\/\/nute.ufsc.br\/uab\/wp-content\/uploads\/2018\/03\/Termo_Compromisso_Ficha_Termo_Professor_Formador_atualizada_mar2017_fev19.doc\">Ficha de Cadastramento \/ Termo de Compromisso do Bolsista &#8211;\u00a0<strong>Professores Formadores<\/strong><\/a><\/p>\n<p><a href=\"http:\/\/nute.ufsc.br\/uab\/wp-content\/uploads\/2018\/03\/Termo_Compromisso_Professor_Conteudista_atualizada_mar2017_fev19.doc\">Ficha de Cadastramento \/ Termo de Compromisso do Bolsista &#8211;\u00a0<strong>Professores Conteudistas<\/strong><\/a><\/p>\n<p><a href=\"http:\/\/nute.ufsc.br\/uab\/wp-content\/uploads\/2018\/03\/Termo_Compromisso_Ficha_Termo_Tutores_atualizada_mar2017_fev19.doc\">Ficha de Cadastramento \/ Termo de Compromisso do Bolsista &#8211;\u00a0<strong>Tutores<\/strong><\/a><\/p>\n<p><a href=\"http:\/\/nute.ufsc.br\/uab\/wp-content\/uploads\/2018\/03\/Termo_Compromisso_Ficha_Termo_Coordenador_de_Curso_atualizada_mar2017_fev19.doc\">Ficha de Cadastramento \/ Termo de Compromisso do Bolsista &#8211;<\/a><strong><a href=\"http:\/\/nute.ufsc.br\/uab\/wp-content\/uploads\/2018\/03\/Termo_Compromisso_Ficha_Termo_Coordenador_de_Curso_atualizada_mar2017_fev19.doc\"> Coordenadores de Curso<\/a><\/strong><\/p>\n<p><a href=\"http:\/\/nute.ufsc.br\/uab\/wp-content\/uploads\/2018\/03\/Formulario-Edital.docx\"><span style=\"color: #3366ff\"> <\/span><\/a><a href=\"http:\/\/nute.ufsc.br\/uab\/wp-content\/uploads\/2018\/03\/Modelo-solicitacao-de-bolsa-UAB-2020-Pagamento-e-Cancelamento3.docx\">Formul\u00e1rio: Pedido de Pagamento &#8211;\u00a0<strong>Coordenadores de Curso<\/strong><\/a><\/p>\n<p><a href=\"http:\/\/uab.ufsc.br\/files\/2018\/03\/Relat%C3%B3rio-de-Viagem-para-Aux%C3%ADlio-a-Viagem-de-Estudos-2-8-18.doc\">Formul\u00e1rio: Relat\u00f3rio de viagem do Programa de Aux\u00edlio a Viagem de Estudos &#8211;\u00a0<strong>Estudantes<\/strong><\/a><\/p>\n<p><a href=\"http:\/\/nute.ufsc.br\/uab\/wp-content\/uploads\/2018\/03\/Formulario-Edital1.docx\">Formul\u00e1rio: Solicita\u00e7\u00e3o de abertura de edital<\/a><\/p>\n<p><a href=\"http:\/\/nute.ufsc.br\/uab\/wp-content\/uploads\/2018\/03\/Novo-Formulario-Diarias_Passagens-SEAD1.doc\">Formul\u00e1rio: Solicita\u00e7\u00e3o de di\u00e1rias e passagens<\/a><\/p>\n<p><a href=\"http:\/\/nute.ufsc.br\/uab\/wp-content\/uploads\/2018\/03\/Novo-Formulario-Relatorio-de-viagem-nacional.docx\">Relat\u00f3rio de viagem<\/a><\/p>\n<p><a href=\"http:\/\/nute.ufsc.br\/uab\/wp-content\/uploads\/2018\/03\/Novo-Formulario-Relatorio-de-viagem-internacional.docx\">Relat\u00f3rio de viagem (Internacional)<\/a><\/p>\n<p><a href=\"http:\/\/nute.ufsc.br\/uab\/wp-content\/uploads\/2018\/03\/Termo-de-comprovacao-de-orientacao.doc\">Termo de comprova\u00e7\u00e3o de orienta\u00e7\u00e3o &#8211; <strong>Orientadores de TCC<\/strong><\/a><\/p>\n<p><a href=\"http:\/\/nute.ufsc.br\/uab\/wp-content\/uploads\/2018\/03\/EDITAL-DEPARTAMENTO-03-07-2019.docx\">Modelo &#8211; Edital de Professor Formador &#8211; <strong>Departamentos<\/strong><\/a><\/p>\n","protected":false},"excerpt":{"rendered":"<p>AVISO! Caso o navegador n\u00e3o abra o documento, clique com o bot\u00e3o direito do mouse em cima do link desejado e selecione: &#8220;Abrir link em uma nova janela&#8221;. Se mesmo assim o navegador n\u00e3o permitir o download, aperte a tecla &#8220;F5&#8221; na janela que foi aberta. Autoriza\u00e7\u00e3o para Bolsista de P\u00f3s-gradua\u00e7\u00e3o atuar como Tutor da [&hellip;]<\/p>\n","protected":false},"author":1,"featured_media":0,"parent":0,"menu_order":0,"comment_status":"closed","ping_status":"open","template":"","meta":{"_et_pb_use_builder":"","_et_pb_old_content":"","_et_gb_content_width":"","inline_featured_image":false,"footnotes":""},"class_list":["post-7183","page","type-page","status-publish","hentry"],"_links":{"self":[{"href":"https:\/\/nute.ufsc.br\/uab\/wp-json\/wp\/v2\/pages\/7183","targetHints":{"allow":["GET"]}}],"collection":[{"href":"https:\/\/nute.ufsc.br\/uab\/wp-json\/wp\/v2\/pages"}],"about":[{"href":"https:\/\/nute.ufsc.br\/uab\/wp-json\/wp\/v2\/types\/page"}],"author":[{"embeddable":true,"href":"https:\/\/nute.ufsc.br\/uab\/wp-json\/wp\/v2\/users\/1"}],"replies":[{"embeddable":true,"href":"https:\/\/nute.ufsc.br\/uab\/wp-json\/wp\/v2\/comments?post=7183"}],"version-history":[{"count":0,"href":"https:\/\/nute.ufsc.br\/uab\/wp-json\/wp\/v2\/pages\/7183\/revisions"}],"wp:attachment":[{"href":"https:\/\/nute.ufsc.br\/uab\/wp-json\/wp\/v2\/media?parent=7183"}],"curies":[{"name":"wp","href":"https:\/\/api.w.org\/{rel}","templated":true}]}}

Formulários

<p><span style="color: #ff0000"><strong>AVISO!</strong></span> Caso o navegador não abra o documento, clique com o botão direito do mouse em cima do link desejado e selecione: &#8220;Abrir link em uma nova janela&#8221;. Se mesmo assim o navegador não permitir o download, aperte a tecla &#8220;F5&#8221; na janela que foi aberta.</p>
<p><a href="http://nute.ufsc.br/uab/wp-content/uploads/2018/03/AUTORIZACAO-PROGRAMA-DE-POS.docx">Autorização para Bolsista de Pós-graduação atuar como Tutor da UAB &#8211; <strong> </strong></a><strong><a href="http://nute.ufsc.br/uab/wp-content/uploads/2018/03/AUTORIZACAO-PROGRAMA-DE-POS.docx">Coordenador de Pós-graduação</a></strong></p>
<p><a href="http://nute.ufsc.br/uab/wp-content/uploads/2018/03/Boletim-de-Frequencia-Bolsistas.docx"><span style="color: #3366ff">Boletim de Frequência &#8211;<strong> Estagiários</strong></span></a></p>
<p><span style="color: #3366ff"><a href="http://nute.ufsc.br/uab/wp-content/uploads/2018/03/Declaracao-de-Autenticidade.pdf">Declaração de Autenticidade &#8211; <strong>Formandos</strong></a><br />
</span></p>
<p><a href="http://nute.ufsc.br/uab/wp-content/uploads/2018/03/ANEXO-IV.docx">Declaração de Disponibilidade de Carga Horária &#8211; <strong>Servidor Bolsista</strong></a></p>
<p><span style="color: #3366ff"><a href="http://nute.ufsc.br/uab/wp-content/uploads/2018/03/DECLARACAO-ACUMULO.doc">Declaração de Não Acúmulo de Bolsa &#8211; </a><strong><a href="http://nute.ufsc.br/uab/wp-content/uploads/2018/03/DECLARACAO-ACUMULO.doc"><strong>Bolsistas CAPES</strong></a><br />
</strong></span></p>
<p><a href="http://nute.ufsc.br/uab/wp-content/uploads/2018/03/Declaracao-Parentesco.docx">Declaração de Parentesco com Servidor da UFSC</a></p>
<p><a href="http://nute.ufsc.br/uab/wp-content/uploads/2018/03/Termo_Compromisso_Ficha_Termo_Professor_Formador_atualizada_mar2017_fev19.doc">Ficha de Cadastramento / Termo de Compromisso do Bolsista &#8211; <strong>Professores Formadores</strong></a></p>
<p><a href="http://nute.ufsc.br/uab/wp-content/uploads/2018/03/Termo_Compromisso_Professor_Conteudista_atualizada_mar2017_fev19.doc">Ficha de Cadastramento / Termo de Compromisso do Bolsista &#8211; <strong>Professores Conteudistas</strong></a></p>
<p><a href="http://nute.ufsc.br/uab/wp-content/uploads/2018/03/Termo_Compromisso_Ficha_Termo_Tutores_atualizada_mar2017_fev19.doc">Ficha de Cadastramento / Termo de Compromisso do Bolsista &#8211; <strong>Tutores</strong></a></p>
<p><a href="http://nute.ufsc.br/uab/wp-content/uploads/2018/03/Termo_Compromisso_Ficha_Termo_Coordenador_de_Curso_atualizada_mar2017_fev19.doc">Ficha de Cadastramento / Termo de Compromisso do Bolsista &#8211;</a><strong><a href="http://nute.ufsc.br/uab/wp-content/uploads/2018/03/Termo_Compromisso_Ficha_Termo_Coordenador_de_Curso_atualizada_mar2017_fev19.doc"> Coordenadores de Curso</a></strong></p>
<p><a href="http://nute.ufsc.br/uab/wp-content/uploads/2018/03/Formulario-Edital.docx"><span style="color: #3366ff"> </span></a><a href="http://nute.ufsc.br/uab/wp-content/uploads/2018/03/Modelo-solicitacao-de-bolsa-UAB-2020-Pagamento-e-Cancelamento3.docx">Formulário: Pedido de Pagamento &#8211; <strong>Coordenadores de Curso</strong></a></p>
<p><a href="http://uab.ufsc.br/files/2018/03/Relat%C3%B3rio-de-Viagem-para-Aux%C3%ADlio-a-Viagem-de-Estudos-2-8-18.doc">Formulário: Relatório de viagem do Programa de Auxílio a Viagem de Estudos &#8211; <strong>Estudantes</strong></a></p>
<p><a href="http://nute.ufsc.br/uab/wp-content/uploads/2018/03/Formulario-Edital1.docx">Formulário: Solicitação de abertura de edital</a></p>
<p><a href="http://nute.ufsc.br/uab/wp-content/uploads/2018/03/Novo-Formulario-Diarias_Passagens-SEAD1.doc">Formulário: Solicitação de diárias e passagens</a></p>
<p><a href="http://nute.ufsc.br/uab/wp-content/uploads/2018/03/Novo-Formulario-Relatorio-de-viagem-nacional.docx">Relatório de viagem</a></p>
<p><a href="http://nute.ufsc.br/uab/wp-content/uploads/2018/03/Novo-Formulario-Relatorio-de-viagem-internacional.docx">Relatório de viagem (Internacional)</a></p>
<p><a href="http://nute.ufsc.br/uab/wp-content/uploads/2018/03/Termo-de-comprovacao-de-orientacao.doc">Termo de comprovação de orientação &#8211; <strong>Orientadores de TCC</strong></a></p>
<p><a href="http://nute.ufsc.br/uab/wp-content/uploads/2018/03/EDITAL-DEPARTAMENTO-03-07-2019.docx">Modelo &#8211; Edital de Professor Formador &#8211; <strong>Departamentos</strong></a></p>

<p>AVISO! Caso o navegador não abra o documento, clique com o botão direito do mouse em cima do link desejado e selecione: &#8220;Abrir link em uma nova janela&#8221;. Se mesmo assim o navegador não permitir o download, aperte a tecla &#8220;F5&#8221; na janela que foi aberta. Autorização para Bolsista de Pós-graduação atuar como Tutor da [&hellip;]</p>
