{"id":5897,"date":"2015-02-20T14:51:40","date_gmt":"2015-02-20T16:51:40","guid":{"rendered":"http:\/\/ead.ufsc.br\/?page_id=5897"},"modified":"2015-02-20T14:51:40","modified_gmt":"2015-02-20T16:51:40","slug":"contato-secretarias-de-curso","status":"publish","type":"page","link":"https:\/\/nute.ufsc.br\/uab\/contato-secretarias-de-curso\/","title":{"rendered":"Contatos das Secretarias dos Cursos da UAB\/UFSC"},"content":{"rendered":"<ul>\n<li><strong>Gradua\u00e7\u00e3o:<\/strong><\/li>\n<\/ul>\n<p><strong>Administra\u00e7\u00e3o<\/strong><br \/>\n<a href=\"https:\/\/ead.ufsc.br\/administracao\/contato\/\" target=\"_blank\" rel=\"noopener\">https:\/\/ead.ufsc.br\/administracao\/contato<\/a>\/<\/p>\n<p><strong>Administra\u00e7\u00e3o P\u00fablica<\/strong><br \/>\n<a href=\"https:\/\/ead.ufsc.br\/administracaopublica\/contato\/\" target=\"_blank\" rel=\"noopener\">https:\/\/ead.ufsc.br\/administracaopublica\/contato\/ <\/a><\/p>\n<p><strong> <\/strong><\/p>\n<p><strong>Ci\u00eancias Biol\u00f3gicas<\/strong><br \/>\n<a href=\"https:\/\/ead.ufsc.br\/biologia\/contato-2\/\" target=\"_blank\" rel=\"noopener\">https:\/\/ead.ufsc.br\/biologia\/contato-2\/<\/a><\/p>\n<p><strong>Ci\u00eancias Cont\u00e1beis<\/strong><br \/>\n<a href=\"https:\/\/ead.ufsc.br\/contabeis\/contato\/\" target=\"_blank\" rel=\"noopener\">https:\/\/ead.ufsc.br\/contabeis\/contato\/<\/a><\/p>\n<p><strong> <\/strong><strong>Ci\u00eancias Econ\u00f4micas<\/strong><br \/>\n<a href=\"https:\/\/ead.ufsc.br\/economia\/contato\/\" target=\"_blank\" rel=\"noopener\">https:\/\/ead.ufsc.br\/economia\/contato\/<\/a><\/p>\n<p><strong> <\/strong><strong>Filosofia<\/strong><br \/>\n<a href=\"https:\/\/ead.ufsc.br\/filosofia\/contato\/\" target=\"_blank\" rel=\"noopener\">https:\/\/ead.ufsc.br\/filosofia\/contato\/<\/a><\/p>\n<p><strong> <\/strong><strong>F\u00edsica<\/strong><a href=\"mailto:fisicaead@gmail.com\"><br \/>\n<\/a><a href=\"https:\/\/ead.ufsc.br\/fisica\/secretariacontatos\/\" target=\"_blank\" rel=\"noopener\">https:\/\/ead.ufsc.br\/fisica\/secretariacontatos\/<\/a><\/p>\n<p><strong>Letras Espanhol<\/strong><br \/>\n<a href=\"https:\/\/ead.ufsc.br\/espanhol\/contato\/\" target=\"_blank\" rel=\"noopener\">https:\/\/ead.ufsc.br\/espanhol\/contato\/<\/a><\/p>\n<p><strong>Letras Portugu\u00eas<\/strong><br \/>\n<a href=\"https:\/\/ead.ufsc.br\/portugues\/contato\/\" target=\"_blank\" rel=\"noopener\">https:\/\/ead.ufsc.br\/portugues\/contato\/<\/a> <strong> <\/strong><\/p>\n<p><strong>Matem\u00e1tica<\/strong><br \/>\n<a href=\"https:\/\/ead.ufsc.br\/matematica\/secretariacontatos\/\" target=\"_blank\" rel=\"noopener\">https:\/\/ead.ufsc.br\/matematica\/secretariacontatos\/<\/a><\/p>\n<p>&nbsp;<\/p>\n<ul>\n<li><strong>Especializa\u00e7\u00e3o:<\/strong><\/li>\n<\/ul>\n<p><strong>Controle da Gest\u00e3o P\u00fablica<\/strong><br \/>\n(48) 3721-9383 &#8211; <a href=\"https:\/\/ead.ufsc.br\/gestaopublica\/contato\/\" target=\"_blank\" rel=\"noopener\">https:\/\/ead.ufsc.br\/gestaopublica\/contato\/<\/a><strong><br \/>\n<\/strong><\/p>\n<p><strong>Controle da Gest\u00e3o P\u00fablica Municipal<\/strong><br \/>\n<a href=\"https:\/\/ead.ufsc.br\/gestaopublicamunicipal\/contatos\/\" target=\"_blank\" rel=\"noopener\">https:\/\/ead.ufsc.br\/gestaopublicamunicipal\/contatos\/<\/a><\/p>\n<p><strong>Gest\u00e3o em Sa\u00fade<\/strong><br \/>\n<a href=\"https:\/\/ead.ufsc.br\/gestaoemsaude\/contato\/\" target=\"_blank\" rel=\"noopener\">https:\/\/ead.ufsc.br\/gestaoemsaude\/contato\/<\/a><\/p>\n<p><strong>Gest\u00e3o P\u00fablica<\/strong><br \/>\n(48) 3721-6693 &#8211; <a href=\"https:\/\/ead.ufsc.br\/espgestaopublica\/contato\/\" target=\"_blank\" rel=\"noopener\">https:\/\/ead.ufsc.br\/espgestaopublica\/contato\/<\/a><strong> <\/strong><em> <\/em><\/p>\n<p><strong> <\/strong><\/p>\n<p><strong>Gest\u00e3o P\u00fablica Municipal<br \/>\n<\/strong>(48) 3721-6693 &#8211; <a href=\"https:\/\/ead.ufsc.br\/espgestaopublicamunicipal\/\" target=\"_blank\" rel=\"noopener\">https:\/\/ead.ufsc.br\/espgestaopublicamunicipal\/<\/a><strong><br \/>\n<\/strong><\/p>\n<p><strong>Gest\u00e3o de Bibliotecas Escolares<\/strong><br \/>\n<a href=\"https:\/\/ead.ufsc.br\/gestaobibliotecasescolares\/contato-curso\/\" target=\"_blank\" rel=\"noopener\">https:\/\/ead.ufsc.br\/gestaobibliotecasescolares\/contato-curso\/<\/a><\/p>\n<p><strong>Linguagens e Educa\u00e7\u00e3o a Dist\u00e2ncia<br \/>\n<\/strong><a href=\"https:\/\/ead.ufsc.br\/linguagenseead\/\" target=\"_blank\" rel=\"noopener\">https:\/\/ead.ufsc.br\/linguagenseead\/<\/a><\/p>\n<p>&nbsp;<\/p>\n<p style=\"text-align: center\"><strong>N\u00e3o encontrou o que precisava? Acesse nossa p\u00e1gina de atendimento institucional:<\/strong><\/p>\n<p style=\"text-align: center\"><strong>Usu\u00e1rios autenticados no IdUFSC:\u00a0<a href=\"https:\/\/atendimento.ufsc.br\/otrs\/customer.pl?Action=NewTicketWizard;QueueID=176\">https:\/\/atendimento.ufsc.br\/uab<\/a><\/strong><\/p>\n<p style=\"text-align: center\"><strong>Usu\u00e1rios externos:\u00a0<a href=\"http:\/\/atendimento.ufsc.br\/uab.externos\" target=\"_blank\" rel=\"noopener\">atendimento.ufsc.br\/uab.externos<\/a><\/strong><\/p>\n<p>&nbsp;<\/p>\n","protected":false},"excerpt":{"rendered":"<p>Gradua\u00e7\u00e3o: Administra\u00e7\u00e3o https:\/\/ead.ufsc.br\/administracao\/contato\/ Administra\u00e7\u00e3o P\u00fablica https:\/\/ead.ufsc.br\/administracaopublica\/contato\/ Ci\u00eancias Biol\u00f3gicas https:\/\/ead.ufsc.br\/biologia\/contato-2\/ Ci\u00eancias Cont\u00e1beis https:\/\/ead.ufsc.br\/contabeis\/contato\/ Ci\u00eancias Econ\u00f4micas https:\/\/ead.ufsc.br\/economia\/contato\/ Filosofia https:\/\/ead.ufsc.br\/filosofia\/contato\/ F\u00edsica https:\/\/ead.ufsc.br\/fisica\/secretariacontatos\/ Letras Espanhol https:\/\/ead.ufsc.br\/espanhol\/contato\/ Letras Portugu\u00eas https:\/\/ead.ufsc.br\/portugues\/contato\/ Matem\u00e1tica https:\/\/ead.ufsc.br\/matematica\/secretariacontatos\/ &nbsp; Especializa\u00e7\u00e3o: Controle da Gest\u00e3o P\u00fablica (48) 3721-9383 &#8211; https:\/\/ead.ufsc.br\/gestaopublica\/contato\/ Controle da Gest\u00e3o P\u00fablica Municipal https:\/\/ead.ufsc.br\/gestaopublicamunicipal\/contatos\/ Gest\u00e3o em Sa\u00fade https:\/\/ead.ufsc.br\/gestaoemsaude\/contato\/ Gest\u00e3o P\u00fablica (48) 3721-6693 &#8211; https:\/\/ead.ufsc.br\/espgestaopublica\/contato\/ Gest\u00e3o P\u00fablica [&hellip;]<\/p>\n","protected":false},"author":1,"featured_media":0,"parent":0,"menu_order":0,"comment_status":"closed","ping_status":"open","template":"","meta":{"_et_pb_use_builder":"","_et_pb_old_content":"","_et_gb_content_width":"","inline_featured_image":false,"footnotes":""},"class_list":["post-5897","page","type-page","status-publish","hentry"],"_links":{"self":[{"href":"https:\/\/nute.ufsc.br\/uab\/wp-json\/wp\/v2\/pages\/5897","targetHints":{"allow":["GET"]}}],"collection":[{"href":"https:\/\/nute.ufsc.br\/uab\/wp-json\/wp\/v2\/pages"}],"about":[{"href":"https:\/\/nute.ufsc.br\/uab\/wp-json\/wp\/v2\/types\/page"}],"author":[{"embeddable":true,"href":"https:\/\/nute.ufsc.br\/uab\/wp-json\/wp\/v2\/users\/1"}],"replies":[{"embeddable":true,"href":"https:\/\/nute.ufsc.br\/uab\/wp-json\/wp\/v2\/comments?post=5897"}],"version-history":[{"count":0,"href":"https:\/\/nute.ufsc.br\/uab\/wp-json\/wp\/v2\/pages\/5897\/revisions"}],"wp:attachment":[{"href":"https:\/\/nute.ufsc.br\/uab\/wp-json\/wp\/v2\/media?parent=5897"}],"curies":[{"name":"wp","href":"https:\/\/api.w.org\/{rel}","templated":true}]}}

<ul>
<li><strong>Graduação:</strong></li>
</ul>
<p><strong>Administração</strong><br />
<a href="https://ead.ufsc.br/administracao/contato/" target="_blank" rel="noopener">https://ead.ufsc.br/administracao/contato</a>/</p>
<p><strong>Administração Pública</strong><br />
<a href="https://ead.ufsc.br/administracaopublica/contato/" target="_blank" rel="noopener">https://ead.ufsc.br/administracaopublica/contato/ </a></p>
<p><strong> </strong></p>
<p><strong>Ciências Biológicas</strong><br />
<a href="https://ead.ufsc.br/biologia/contato-2/" target="_blank" rel="noopener">https://ead.ufsc.br/biologia/contato-2/</a></p>
<p><strong>Ciências Contábeis</strong><br />
<a href="https://ead.ufsc.br/contabeis/contato/" target="_blank" rel="noopener">https://ead.ufsc.br/contabeis/contato/</a></p>
<p><strong> </strong><strong>Ciências Econômicas</strong><br />
<a href="https://ead.ufsc.br/economia/contato/" target="_blank" rel="noopener">https://ead.ufsc.br/economia/contato/</a></p>
<p><strong> </strong><strong>Filosofia</strong><br />
<a href="https://ead.ufsc.br/filosofia/contato/" target="_blank" rel="noopener">https://ead.ufsc.br/filosofia/contato/</a></p>
<p><strong> </strong><strong>Física</strong><a href="mailto:fisicaead@gmail.com"><br />
</a><a href="https://ead.ufsc.br/fisica/secretariacontatos/" target="_blank" rel="noopener">https://ead.ufsc.br/fisica/secretariacontatos/</a></p>
<p><strong>Letras Espanhol</strong><br />
<a href="https://ead.ufsc.br/espanhol/contato/" target="_blank" rel="noopener">https://ead.ufsc.br/espanhol/contato/</a></p>
<p><strong>Letras Português</strong><br />
<a href="https://ead.ufsc.br/portugues/contato/" target="_blank" rel="noopener">https://ead.ufsc.br/portugues/contato/</a> <strong> </strong></p>
<p><strong>Matemática</strong><br />
<a href="https://ead.ufsc.br/matematica/secretariacontatos/" target="_blank" rel="noopener">https://ead.ufsc.br/matematica/secretariacontatos/</a></p>
<p>&nbsp;</p>
<ul>
<li><strong>Especialização:</strong></li>
</ul>
<p><strong>Controle da Gestão Pública</strong><br />
(48) 3721-9383 &#8211; <a href="https://ead.ufsc.br/gestaopublica/contato/" target="_blank" rel="noopener">https://ead.ufsc.br/gestaopublica/contato/</a><strong><br />
</strong></p>
<p><strong>Controle da Gestão Pública Municipal</strong><br />
<a href="https://ead.ufsc.br/gestaopublicamunicipal/contatos/" target="_blank" rel="noopener">https://ead.ufsc.br/gestaopublicamunicipal/contatos/</a></p>
<p><strong>Gestão em Saúde</strong><br />
<a href="https://ead.ufsc.br/gestaoemsaude/contato/" target="_blank" rel="noopener">https://ead.ufsc.br/gestaoemsaude/contato/</a></p>
<p><strong>Gestão Pública</strong><br />
(48) 3721-6693 &#8211; <a href="https://ead.ufsc.br/espgestaopublica/contato/" target="_blank" rel="noopener">https://ead.ufsc.br/espgestaopublica/contato/</a><strong> </strong><em> </em></p>
<p><strong> </strong></p>
<p><strong>Gestão Pública Municipal<br />
</strong>(48) 3721-6693 &#8211; <a href="https://ead.ufsc.br/espgestaopublicamunicipal/" target="_blank" rel="noopener">https://ead.ufsc.br/espgestaopublicamunicipal/</a><strong><br />
</strong></p>
<p><strong>Gestão de Bibliotecas Escolares</strong><br />
<a href="https://ead.ufsc.br/gestaobibliotecasescolares/contato-curso/" target="_blank" rel="noopener">https://ead.ufsc.br/gestaobibliotecasescolares/contato-curso/</a></p>
<p><strong>Linguagens e Educação a Distância<br />
</strong><a href="https://ead.ufsc.br/linguagenseead/" target="_blank" rel="noopener">https://ead.ufsc.br/linguagenseead/</a></p>
<p>&nbsp;</p>
<p style="text-align: center"><strong>Não encontrou o que precisava? Acesse nossa página de atendimento institucional:</strong></p>
<p style="text-align: center"><strong>Usuários autenticados no IdUFSC: <a href="https://atendimento.ufsc.br/otrs/customer.pl?Action=NewTicketWizard;QueueID=176">https://atendimento.ufsc.br/uab</a></strong></p>
<p style="text-align: center"><strong>Usuários externos: <a href="http://atendimento.ufsc.br/uab.externos" target="_blank" rel="noopener">atendimento.ufsc.br/uab.externos</a></strong></p>
<p>&nbsp;</p>

<p>Graduação: Administração https://ead.ufsc.br/administracao/contato/ Administração Pública https://ead.ufsc.br/administracaopublica/contato/ Ciências Biológicas https://ead.ufsc.br/biologia/contato-2/ Ciências Contábeis https://ead.ufsc.br/contabeis/contato/ Ciências Econômicas https://ead.ufsc.br/economia/contato/ Filosofia https://ead.ufsc.br/filosofia/contato/ Física https://ead.ufsc.br/fisica/secretariacontatos/ Letras Espanhol https://ead.ufsc.br/espanhol/contato/ Letras Português https://ead.ufsc.br/portugues/contato/ Matemática https://ead.ufsc.br/matematica/secretariacontatos/ &nbsp; Especialização: Controle da Gestão Pública (48) 3721-9383 &#8211; https://ead.ufsc.br/gestaopublica/contato/ Controle da Gestão Pública Municipal https://ead.ufsc.br/gestaopublicamunicipal/contatos/ Gestão em Saúde https://ead.ufsc.br/gestaoemsaude/contato/ Gestão Pública (48) 3721-6693 &#8211; https://ead.ufsc.br/espgestaopublica/contato/ Gestão Pública [&hellip;]</p>
