{"id":10415,"date":"2020-02-10T09:24:55","date_gmt":"2020-02-10T12:24:55","guid":{"rendered":"http:\/\/uab.ufsc.br\/?page_id=10415"},"modified":"2020-02-10T09:24:55","modified_gmt":"2020-02-10T12:24:55","slug":"contatos-das-coordenacoes-dos-cursos","status":"publish","type":"page","link":"https:\/\/nute.ufsc.br\/uab\/contatos-das-coordenacoes-dos-cursos\/","title":{"rendered":"Contatos das Coordena\u00e7\u00f5es dos Cursos"},"content":{"rendered":"<h1>GRADUA\u00c7\u00c3O<\/h1>\n<p>&nbsp;<\/p>\n<h2>CURSOS EM ANDAMENTO:<\/h2>\n<p>&nbsp;<\/p>\n<h3>ADMINISTRA\u00c7\u00c3O<\/h3>\n<p><strong>Secretaria do Curso Administra\u00e7\u00e3o<\/strong><\/p>\n<p>Orlando Cunha Neto<\/p>\n<p>eadadministracao@contato.ufsc.br<\/p>\n<p>48 3721-9386<\/p>\n<p><strong>Coordenador do Curso de Administra\u00e7\u00e3o<\/strong><\/p>\n<p>Prof. Fred Leite Siqueira Campos<\/p>\n<p>fred.campos@ufsc.br<\/p>\n<p>48 3721-2323<\/p>\n<h3>ADMINISTRA\u00c7\u00c3O P\u00daBLICA<\/h3>\n<p><strong>Secretaria do Curso Administra\u00e7\u00e3o P\u00fablica<\/strong><\/p>\n<p>secretaria.pnap@eadadm.ufsc.br<\/p>\n<p>48 3721-9381<\/p>\n<p><strong>Coordenador do Curso Administra\u00e7\u00e3o P\u00fablica<\/strong><\/p>\n<p>Prof. Marcus Vin\u00edcius Andrade de Lima<\/p>\n<p>marcus.lima@ufsc.br<\/p>\n<p>48 3721-2554<\/p>\n<h3>CI\u00caNCIAS BIOL\u00d3GICAS<\/h3>\n<p><strong>Secretaria do Curso Ci\u00eancias Biol\u00f3gicas<\/strong><\/p>\n<p>biologia.ead@contato.ufsc.br<\/p>\n<p>48 3721-4770<\/p>\n<p><strong>Coordenadora do Curso Ci\u00eancias Biol\u00f3gicas<\/strong><\/p>\n<p>Prof\u00aa Viviane Mara Woehl<\/p>\n<p>viviane.woehl@ufsc.br<\/p>\n<p>48 3721-9238<\/p>\n<h3>FILOSOFIA<\/h3>\n<p><strong>Secretaria do Curso Filosofia<\/strong><\/p>\n<p>Edineia Cristiani Pedrotti<\/p>\n<p>48 3721-3506<\/p>\n<p>filosofia.ead@contato.ufsc.br<\/p>\n<p><strong>Coordenador do Curso Filosofia<\/strong><\/p>\n<p>Jaimir Conte<\/p>\n<p>48 3721-4178<\/p>\n<p>filosofia.ead@contato.ufsc.br<\/p>\n<h3><span style=\"color: #333399\">F\u00cdSICA<\/span><\/h3>\n<p><strong>Secretaria do Curso F\u00edsica<\/strong><\/p>\n<p>Mariangela Vicente e Barros<\/p>\n<p>fisica.ead@contato.ufsc.br<\/p>\n<p>48 3721-2386<\/p>\n<p><strong>Coordenador do Curso\u00a0F\u00edsica<\/strong><\/p>\n<p>Prof. Celso Yuji\u00a0Matuo<\/p>\n<p>celso.matuo@ufsc.br<\/p>\n<p>48 3721-3718<\/p>\n<h3>LETRAS PORTUGU\u00caS<\/h3>\n<p><strong>Coordenadora do Curso Letras-Portugu\u00eas<\/strong><\/p>\n<p>Prof Celdon Fritzen<\/p>\n<p>celdon.fritzen@ufsc.br<\/p>\n<p>48 3721-9293<\/p>\n<h3>MATEM\u00c1TICA<\/h3>\n<p><strong>Secretaria do Curso Matem\u00e1tica<\/strong><\/p>\n<p>Mariangela Vicente e Barros<\/p>\n<p>ead.mtm@contato.ufsc.br<\/p>\n<p>48 3721-2386<\/p>\n<p><strong>Coordenadora do Curso Matem\u00e1tica<\/strong><\/p>\n<p>Prof. Aldrovando Luis Azeredo Araujo<\/p>\n<p>luis.azeredo@ufsc.br<\/p>\n<p>48 3721-2295<\/p>\n<p>&nbsp;<\/p>\n<h2>CURSOS ENCERRADOS<\/h2>\n<p>&nbsp;<\/p>\n<h3>LETRAS ESPANHOL<\/h3>\n<p><strong>Coordenadora do Curso Letras-Espanhol<\/strong><\/p>\n<p>Prof\u00aa Andr\u00e9a Cesco<\/p>\n<p>andrea.cesco@gmail.com<\/p>\n<p>48 3721-8731<\/p>\n<h3>LETRAS INGL\u00caS<\/h3>\n<p><strong>Coordenador do Curso de Letras Ingl\u00eas<\/strong><\/p>\n<p>Celso Tumolo<\/p>\n<p>celsotumolo@yahoo.com.br<\/p>\n<p>48 3721-6803<\/p>\n<h3>CI\u00caNCIAS CONT\u00c1BEIS<\/h3>\n<p><strong>Coordenador do Curso Ci\u00eancias Cont\u00e1beis<\/strong><\/p>\n<p>Prof. Luiz Felipe Ferreira<\/p>\n<p>luiz.felipe@ufsc.br<\/p>\n<p>48 3721-3893<\/p>\n<h3>CI\u00caNCIAS ECON\u00d4MICAS<\/h3>\n<p><strong>Coordenadora do Curso Ci\u00eancias Econ\u00f4micas<\/strong><\/p>\n<p>Prof\u00aa Marialice de Moraes<\/p>\n<p>mmarialice@gmail.com<\/p>\n<p>48 3721-6781<\/p>\n<p>&nbsp;<\/p>\n<h1>CURSOS DE ESPECIALIZA\u00c7\u00c3O<\/h1>\n<p>CURSOS ENCERRADOS<\/p>\n<h3>LINGUAGENS E EDUCA\u00c7\u00c3O A DIST\u00c2NCIA<\/h3>\n<p><strong>Coordenador do Curso de Linguagens e Educa\u00e7\u00e3o a Dist\u00e2ncia<\/strong><\/p>\n<p>Celdon Fritzen<\/p>\n<p>celdon@hotmail.com<\/p>\n<p>48 3721-3773<\/p>\n<h3>CONTROLE DA GEST\u00c3O P\u00daBLICA MUNICIPAL<\/h3>\n<p><strong>Coordenador do Curso de Gest\u00e3o P\u00fablica Municipal<\/strong><\/p>\n<p>Prof. Erves Ducati<\/p>\n<p>erves58@gmail.com<\/p>\n<p>ducati.erves@gmail.com<\/p>\n<p>48 3721 9383<\/p>\n<h3>GEST\u00c3O EM SA\u00daDE<\/h3>\n<p><strong>Coordenador do Curso Gest\u00e3o em Sa\u00fade<\/strong><\/p>\n<p>Prof. Jos\u00e9\u00a0Lu\u00eds Guedes dos Santos<\/p>\n<p>joseenfermagem@gmail.com<\/p>\n<p>gestaoemsaudeufsc@gmail.com<\/p>\n<p>48 3721-2323<\/p>\n<p>&nbsp;<\/p>\n<p style=\"text-align: center\"><strong>N\u00e3o encontrou o que precisava? Acesse nossa p\u00e1gina de atendimento institucional:<\/strong><\/p>\n<p style=\"text-align: center\"><strong>Usu\u00e1rios autenticados no IdUFSC:\u00a0<a href=\"https:\/\/atendimento.ufsc.br\/otrs\/customer.pl?Action=NewTicketWizard;QueueID=176\">https:\/\/atendimento.ufsc.br\/uab<\/a><\/strong><\/p>\n<p style=\"text-align: center\"><strong>Usu\u00e1rios externos:\u00a0<a href=\"http:\/\/atendimento.ufsc.br\/uab.externos\" target=\"_blank\" rel=\"noopener\">atendimento.ufsc.br\/uab.externos<\/a><\/strong><\/p>\n","protected":false},"excerpt":{"rendered":"<p>GRADUA\u00c7\u00c3O &nbsp; CURSOS EM ANDAMENTO: &nbsp; ADMINISTRA\u00c7\u00c3O Secretaria do Curso Administra\u00e7\u00e3o Orlando Cunha Neto eadadministracao@contato.ufsc.br 48 3721-9386 Coordenador do Curso de Administra\u00e7\u00e3o Prof. Fred Leite Siqueira Campos fred.campos@ufsc.br 48 3721-2323 ADMINISTRA\u00c7\u00c3O P\u00daBLICA Secretaria do Curso Administra\u00e7\u00e3o P\u00fablica secretaria.pnap@eadadm.ufsc.br 48 3721-9381 Coordenador do Curso Administra\u00e7\u00e3o P\u00fablica Prof. Marcus Vin\u00edcius Andrade de Lima marcus.lima@ufsc.br 48 3721-2554 CI\u00caNCIAS [&hellip;]<\/p>\n","protected":false},"author":1,"featured_media":0,"parent":0,"menu_order":0,"comment_status":"closed","ping_status":"open","template":"","meta":{"_et_pb_use_builder":"","_et_pb_old_content":"","_et_gb_content_width":"","inline_featured_image":false,"footnotes":""},"class_list":["post-10415","page","type-page","status-publish","hentry"],"_links":{"self":[{"href":"https:\/\/nute.ufsc.br\/uab\/wp-json\/wp\/v2\/pages\/10415","targetHints":{"allow":["GET"]}}],"collection":[{"href":"https:\/\/nute.ufsc.br\/uab\/wp-json\/wp\/v2\/pages"}],"about":[{"href":"https:\/\/nute.ufsc.br\/uab\/wp-json\/wp\/v2\/types\/page"}],"author":[{"embeddable":true,"href":"https:\/\/nute.ufsc.br\/uab\/wp-json\/wp\/v2\/users\/1"}],"replies":[{"embeddable":true,"href":"https:\/\/nute.ufsc.br\/uab\/wp-json\/wp\/v2\/comments?post=10415"}],"version-history":[{"count":0,"href":"https:\/\/nute.ufsc.br\/uab\/wp-json\/wp\/v2\/pages\/10415\/revisions"}],"wp:attachment":[{"href":"https:\/\/nute.ufsc.br\/uab\/wp-json\/wp\/v2\/media?parent=10415"}],"curies":[{"name":"wp","href":"https:\/\/api.w.org\/{rel}","templated":true}]}}

Contatos das Coordenações dos Cursos

<h1>GRADUAÇÃO</h1>
<p>&nbsp;</p>
<h2>CURSOS EM ANDAMENTO:</h2>
<p>&nbsp;</p>
<h3>ADMINISTRAÇÃO</h3>
<p><strong>Secretaria do Curso Administração</strong></p>
<p>Orlando Cunha Neto</p>
<p>eadadministracao@contato.ufsc.br</p>
<p>48 3721-9386</p>
<p><strong>Coordenador do Curso de Administração</strong></p>
<p>Prof. Fred Leite Siqueira Campos</p>
<p>fred.campos@ufsc.br</p>
<p>48 3721-2323</p>
<h3>ADMINISTRAÇÃO PÚBLICA</h3>
<p><strong>Secretaria do Curso Administração Pública</strong></p>
<p>secretaria.pnap@eadadm.ufsc.br</p>
<p>48 3721-9381</p>
<p><strong>Coordenador do Curso Administração Pública</strong></p>
<p>Prof. Marcus Vinícius Andrade de Lima</p>
<p>marcus.lima@ufsc.br</p>
<p>48 3721-2554</p>
<h3>CIÊNCIAS BIOLÓGICAS</h3>
<p><strong>Secretaria do Curso Ciências Biológicas</strong></p>
<p>biologia.ead@contato.ufsc.br</p>
<p>48 3721-4770</p>
<p><strong>Coordenadora do Curso Ciências Biológicas</strong></p>
<p>Profª Viviane Mara Woehl</p>
<p>viviane.woehl@ufsc.br</p>
<p>48 3721-9238</p>
<h3>FILOSOFIA</h3>
<p><strong>Secretaria do Curso Filosofia</strong></p>
<p>Edineia Cristiani Pedrotti</p>
<p>48 3721-3506</p>
<p>filosofia.ead@contato.ufsc.br</p>
<p><strong>Coordenador do Curso Filosofia</strong></p>
<p>Jaimir Conte</p>
<p>48 3721-4178</p>
<p>filosofia.ead@contato.ufsc.br</p>
<h3><span style="color: #333399">FÍSICA</span></h3>
<p><strong>Secretaria do Curso Física</strong></p>
<p>Mariangela Vicente e Barros</p>
<p>fisica.ead@contato.ufsc.br</p>
<p>48 3721-2386</p>
<p><strong>Coordenador do Curso Física</strong></p>
<p>Prof. Celso Yuji Matuo</p>
<p>celso.matuo@ufsc.br</p>
<p>48 3721-3718</p>
<h3>LETRAS PORTUGUÊS</h3>
<p><strong>Coordenadora do Curso Letras-Português</strong></p>
<p>Prof Celdon Fritzen</p>
<p>celdon.fritzen@ufsc.br</p>
<p>48 3721-9293</p>
<h3>MATEMÁTICA</h3>
<p><strong>Secretaria do Curso Matemática</strong></p>
<p>Mariangela Vicente e Barros</p>
<p>ead.mtm@contato.ufsc.br</p>
<p>48 3721-2386</p>
<p><strong>Coordenadora do Curso Matemática</strong></p>
<p>Prof. Aldrovando Luis Azeredo Araujo</p>
<p>luis.azeredo@ufsc.br</p>
<p>48 3721-2295</p>
<p>&nbsp;</p>
<h2>CURSOS ENCERRADOS</h2>
<p>&nbsp;</p>
<h3>LETRAS ESPANHOL</h3>
<p><strong>Coordenadora do Curso Letras-Espanhol</strong></p>
<p>Profª Andréa Cesco</p>
<p>andrea.cesco@gmail.com</p>
<p>48 3721-8731</p>
<h3>LETRAS INGLÊS</h3>
<p><strong>Coordenador do Curso de Letras Inglês</strong></p>
<p>Celso Tumolo</p>
<p>celsotumolo@yahoo.com.br</p>
<p>48 3721-6803</p>
<h3>CIÊNCIAS CONTÁBEIS</h3>
<p><strong>Coordenador do Curso Ciências Contábeis</strong></p>
<p>Prof. Luiz Felipe Ferreira</p>
<p>luiz.felipe@ufsc.br</p>
<p>48 3721-3893</p>
<h3>CIÊNCIAS ECONÔMICAS</h3>
<p><strong>Coordenadora do Curso Ciências Econômicas</strong></p>
<p>Profª Marialice de Moraes</p>
<p>mmarialice@gmail.com</p>
<p>48 3721-6781</p>
<p>&nbsp;</p>
<h1>CURSOS DE ESPECIALIZAÇÃO</h1>
<p>CURSOS ENCERRADOS</p>
<h3>LINGUAGENS E EDUCAÇÃO A DISTÂNCIA</h3>
<p><strong>Coordenador do Curso de Linguagens e Educação a Distância</strong></p>
<p>Celdon Fritzen</p>
<p>celdon@hotmail.com</p>
<p>48 3721-3773</p>
<h3>CONTROLE DA GESTÃO PÚBLICA MUNICIPAL</h3>
<p><strong>Coordenador do Curso de Gestão Pública Municipal</strong></p>
<p>Prof. Erves Ducati</p>
<p>erves58@gmail.com</p>
<p>ducati.erves@gmail.com</p>
<p>48 3721 9383</p>
<h3>GESTÃO EM SAÚDE</h3>
<p><strong>Coordenador do Curso Gestão em Saúde</strong></p>
<p>Prof. José Luís Guedes dos Santos</p>
<p>joseenfermagem@gmail.com</p>
<p>gestaoemsaudeufsc@gmail.com</p>
<p>48 3721-2323</p>
<p>&nbsp;</p>
<p style="text-align: center"><strong>Não encontrou o que precisava? Acesse nossa página de atendimento institucional:</strong></p>
<p style="text-align: center"><strong>Usuários autenticados no IdUFSC: <a href="https://atendimento.ufsc.br/otrs/customer.pl?Action=NewTicketWizard;QueueID=176">https://atendimento.ufsc.br/uab</a></strong></p>
<p style="text-align: center"><strong>Usuários externos: <a href="http://atendimento.ufsc.br/uab.externos" target="_blank" rel="noopener">atendimento.ufsc.br/uab.externos</a></strong></p>

<p>GRADUAÇÃO &nbsp; CURSOS EM ANDAMENTO: &nbsp; ADMINISTRAÇÃO Secretaria do Curso Administração Orlando Cunha Neto eadadministracao@contato.ufsc.br 48 3721-9386 Coordenador do Curso de Administração Prof. Fred Leite Siqueira Campos fred.campos@ufsc.br 48 3721-2323 ADMINISTRAÇÃO PÚBLICA Secretaria do Curso Administração Pública secretaria.pnap@eadadm.ufsc.br 48 3721-9381 Coordenador do Curso Administração Pública Prof. Marcus Vinícius Andrade de Lima marcus.lima@ufsc.br 48 3721-2554 CIÊNCIAS [&hellip;]</p>
